37
Let m(a) = 61*a**2 - a + 11. What are the prime factors of m(-3)?
563
Let s = 55 - 82. List the prime factors of 4/(-18) + (-1410)/s.
2, 13
Let n(y) = -y**2 - y. Let j be n(-2). Let v(k) be the second derivative of -7*k**3/3 - k**2 + 14*k. What are the prime factors of v(j)?
2, 13
Let m(s) be the first derivative of -11*s**3/6 - s**2/2 + 3*s + 1. Let c(a) be the first derivative of m(a). What are the prime factors of c(-2)?
3, 7
Let f(n) = n**3 - 3*n**2 - 2*n + 1. Let x be f(4). Let d(m) = 17*m**2 + 2*m + 2. Let t be d(-1). Let z = t + x. What are the prime factors of z?
2, 13
Suppose 3*x = -x - 5*z + 114, 3*x - 3*z - 72 = 0. What are the prime factors of x?
2, 13
Let h be (-2)/(-5) - (-399)/(-35). Let r = -21 - h. Let k = r - -12. What are the prime factors of k?
2
Suppose -1 = a + 3, 4*a - 34 = -5*m. What are the prime factors of (-260)/(-8)*12/m?
3, 13
Let x be (-1 + -1)/((-2)/5). Suppose 0*p = -x*p + 20. List the prime factors of 5*10 - p/2.
2, 3
Let l(v) = -2*v - 7. Let h be l(-11). Let f be ((-37)/3)/((-5)/h). Let g = f - 17. What are the prime factors of g?
2, 5
Suppose -m - 9 = -2*p - 2*m, m - 1 = 0. Let h be ((-12)/p + -2)*15. Let x = h + 119. List the prime factors of x.
2, 11
Let v be (-3 - 0) + 0 + 334 + 23. Suppose v = r + r + 2*n, 3*r - 2*n = 516. List the prime factors of r.
2, 3, 29
Suppose -12*u + 2*u + 2640 = 0. Suppose 2*t - 223 = -3*o, -4*o - u = -2*t - 76. What are the prime factors of t?
2, 13
Suppose -j = 2*i + 17, 2*j + 5*i = -3*j - 60. Let h(w) = -7*w + 7. List the prime factors of h(j).
2, 7
Let b(r) be the third derivative of 3*r**4/8 - r**3/3 - r**2. Suppose 2*t = -5*z + 29, -44*t - 15 = -z - 49*t. List the prime factors of b(z).
43
What are the prime factors of (10*(-8)/12)/(3/(-1296))?
2, 3, 5
Let o(m) = -3*m + 47. Let f(p) = -4*p + 47. Let b(q) = -2*f(q) + 3*o(q). List the prime factors of b(-14).
61
Let z(g) = -2*g**3 + 13*g**2 - g + 4. Let j = -29 + 33. What are the prime factors of z(j)?
2, 5
Let a = -10 - -14. Suppose -w - 99 = -a*w. What are the prime factors of w?
3, 11
Let b(y) = y**2 - 6*y - 30. List the prime factors of b(10).
2, 5
Let p(g) = 4*g + 7. Let b(x) = x + 2. Let m(q) = -26*b(q) + 6*p(q). What are the prime factors of m(-13)?
2
List the prime factors of 3753 - 1 - ((-210)/15 + 19).
3, 1249
Suppose 2*n - 5*n + 40 = w, 0 = w - 5*n - 80. List the prime factors of w.
5, 11
Let k be -7*(2*(-50)/28 - -3). Suppose -2*s - 4*l + 73 = -19, -k*l = 8. What are the prime factors of s?
2, 5
Let u(r) = -2*r**3 - 17*r**2 - 17*r + 30. Let c(z) = -z**3 - 9*z**2 - 9*z + 15. Let g(p) = 9*c(p) - 4*u(p). What are the prime factors of g(-12)?
3
Suppose f - p = -2*p + 2829, 0 = -5*p + 20. What are the prime factors of f?
5, 113
Suppose 0 = -2*m - 2*x - 112, 0*m + x - 50 = m. Let z = m - -126. Let q = -41 + z. List the prime factors of q.
2
List the prime factors of (-1 + -1 + -4)/(86/(-301)).
3, 7
Suppose 4*a = 5*l + 4340, 5*a = 5*l + 7398 - 1978. What are the prime factors of a?
2, 3, 5
Let w = 30 + -25. Let p be ((-30)/25)/(3/10). List the prime factors of (-1 + 24)/(w + p).
23
What are the prime factors of (326509/329 + 3/(-7))/2?
2, 31
Let n be (-32)/(-40) - 504/5. Let x = -58 - n. What are the prime factors of x?
2, 3, 7
Suppose -2655 = -7*y + 2*y. List the prime factors of y.
3, 59
List the prime factors of -3 + 4557/(-1 + 4).
2, 379
Suppose 4*f + 10 = 6*f, 4*u - 2*f - 58 = 0. Let b = 20 - u. Suppose -4*r + 13 = -b*r. List the prime factors of r.
13
Suppose 3*i - 92 = -s, 3*s + 0*s = -i + 28. Let k = -31 + i. Suppose k = 3*o - 2*o + 3*c - 21, -3*c = -3*o + 3. List the prime factors of o.
2, 3
Let n(q) = -224 + 20*q**3 + 23*q**3 + 223 + 2*q**2 - 14*q**3. List the prime factors of n(1).
2, 3, 5
Suppose 28*f - 5684 = -f. What are the prime factors of f?
2, 7
Let y = 2 + 1. Suppose 4*q - 432 = m, -4*q + y*m + 189 = -243. Suppose -l - q = -4*l. What are the prime factors of l?
2, 3
Let o = -936 + 1429. What are the prime factors of o?
17, 29
Suppose 22*p + 903 = 29*p. List the prime factors of p.
3, 43
Suppose -p + u = 6*u + 41, -4 = u. Let t(w) = w**3 + 22*w**2 + 18*w - 28. What are the prime factors of t(p)?
5, 7
Suppose -83*m - 4834 = -3*d - 88*m, 4*d = 5*m + 6387. List the prime factors of d.
7, 229
Let i(b) be the third derivative of -b**6/120 + 3*b**5/20 + 13*b**3/6 - 5*b**2. Let a be (2 - 5) + -6*(1 - 3). List the prime factors of i(a).
13
Suppose -72 = -0*a + 6*a. What are the prime factors of (-86)/(-4) + a/8?
2, 5
Suppose y - 3*g = 320 + 56, 374 = y - 5*g. What are the prime factors of y?
379
Let l(t) = t**3 - 30*t**2 - 54*t + 61. What are the prime factors of l(32)?
3, 127
Suppose 0 = -j, -c + 2*j + 1571 = -j. List the prime factors of c.
1571
Let i(q) = -q**3 + 5*q**2 - 5*q - 7. Let l be i(3). List the prime factors of (-1)/l + 2181/12 + -1.
181
Let j be 22/(-4) - (-1)/(-2). Let q = -4 - j. Suppose 0 = q*o - 4*o + 102. List the prime factors of o.
3, 17
Suppose 34*b - 285 = 33*b. List the prime factors of b.
3, 5, 19
Suppose 16*x - 4098 - 4238 = 0. What are the prime factors of x?
521
Let f(o) = o**3 + o**2 - 2*o + 2. Let q be f(4). Let a = q + 8. List the prime factors of a.
2, 41
List the prime factors of (1 + 1)/((-47)/(-73132)).
2, 389
Suppose 1 - 33 = -8*u. Suppose 5*t = 2*b + t - 214, u*b + 2*t = 428. What are the prime factors of b?
107
Let x(u) = 5*u**2 - 99*u - 25. What are the prime factors of x(24)?
479
Let l(m) = -1 - 2 + 259*m - 8 + 2. List the prime factors of l(1).
2, 5
Suppose -3*l + l - 5*w = -9978, 5*l = 5*w + 24875. List the prime factors of l.
13, 383
Suppose -d + l - 427 = 0, d + 457 = -5*l - 0*l. List the prime factors of ((-3)/6)/(4/d).
2, 3
Let s(g) be the first derivative of -g**2 - g + 6. List the prime factors of s(-6).
11
Let y = -63 - -67. Let s(w) = 6*w + 17. List the prime factors of s(y).
41
Let i(r) = -r**3 - 4*r**2 - 2*r - 3. Suppose 0 = -3*l - 9 - 0. Let g = -7 - l. List the prime factors of i(g).
5
Let w be 57/(-3)*(-3)/3. What are the prime factors of (14 + -4)/(2/w)?
5, 19
Suppose 0*o = o + 4*q - 1, -2*q - 1 = -o. Suppose 2*m + 112 = 5*r, -3*m + o - 4 = 0. What are the prime factors of 260/r - 2/(-11)?
2, 3
Let f(b) be the third derivative of b**5/60 + b**4/6 + b**3 - b**2. Let j be -2 + 1*-1*2. List the prime factors of f(j).
2, 3
Let b(r) = -r**3 - 6*r**2 - 3*r. Let z be b(-5). Let m(w) = w**3 + 10*w**2 - w - 7. List the prime factors of m(z).
3
Let b(l) = 41*l - 208. What are the prime factors of b(19)?
571
Let q be (-2 - 1) + 50/10. Suppose 4*h = -q + 10. What are the prime factors of ((-7)/h)/((-2)/12)?
3, 7
What are the prime factors of 18/(-60) + (-9452)/(-40)?
2, 59
Let z(i) = -2*i**3 - i**2 + 2*i - 2. Let c be z(-3). Let n = c - 25. List the prime factors of n.
2, 3
Suppose 7*d - 3031 = -490. List the prime factors of d.
3, 11
Let u(v) = -1266*v**3 + 3*v**2 + 3*v + 1. What are the prime factors of u(-1)?
7, 181
Let v be -6*(-3)/135 - 10508/60. Let a be -144*(4/(-3))/(-2). Let c = a - v. What are the prime factors of c?
79
Let q = 6 + -2. Let u(g) = g**3 + g + 1. Let c(v) = 3*v**3 - 10*v**2 - 2*v + 13. Let p(b) = q*u(b) - c(b). List the prime factors of p(-9).
2, 3
Let m = 414 - 48. List the prime factors of m.
2, 3, 61
Let t = -138 - -225. Let g = t - 49. What are the prime factors of g?
2, 19
Let z(d) be the third derivative of -d**6/30 - d**5/60 - 4*d**2. Let s be z(-1). Suppose 5*i + 57 = 2*k, 2*i - 95 = -s*k - 0*i. List the prime factors of k.
31
Let z be ((-4)/7)/((-2)/14). Suppose z*w - 406 = -5*q + w, 2*q - 166 = -3*w. What are the prime factors of q?
2, 5
Let p(w) = 441*w**2 + 55*w + 113. What are the prime factors of p(-2)?
3, 19, 31
Suppose 0 = -2*h - 6, -180 = -d + 3*h - 0*h. List the prime factors of d.
3, 19
Let f(r) = -44*r + 250. What are the prime factors of f(-29)?
2, 7, 109
Let m(n) = 5*n - 8. Let q be -21*4*1/(-6). What are the prime factors of m(q)?
2, 31
Let f(j) = -j**2 + 3*j + 6. Let k be f(5). List the prime factors of (209/(-11))/(1/k).
2, 19
Let x = 18 + -16. Suppose g = -x*g + y + 37, -2*g + 2*y + 26 = 0. Suppose h = 19 + g. What are the prime factors of h?
31
Suppose 3*x + 24 = -a - 53, -4*x = -2*a + 116. Let w = 47 - x. What are the prime factors of w?
2, 37
List the prime factors of 34/85 - (4 - 38096/10).
2, 11, 173
Supp